{"id":517,"date":"2025-11-07T13:05:49","date_gmt":"2025-11-07T13:05:49","guid":{"rendered":"https:\/\/hodinovakamaradka.cz\/?page_id=517"},"modified":"2025-12-09T18:19:19","modified_gmt":"2025-12-09T18:19:19","slug":"o-mne","status":"publish","type":"page","link":"https:\/\/hodinovakamaradka.cz\/index.php\/o-mne\/","title":{"rendered":"O mn\u011b"},"content":{"rendered":"\t\t<div data-elementor-type=\"wp-page\" data-elementor-id=\"517\" class=\"elementor elementor-517\">\n\t\t\t\t<div class=\"elementor-element elementor-element-7d1d0000 e-con-full e-flex e-con e-parent\" data-id=\"7d1d0000\" data-element_type=\"container\" data-e-type=\"container\" data-settings=\"{&quot;background_background&quot;:&quot;classic&quot;}\">\n\t\t\t\t<div class=\"elementor-element elementor-element-1d89eb65 elementor-invisible elementor-widget elementor-widget-heading\" data-id=\"1d89eb65\" data-element_type=\"widget\" data-e-type=\"widget\" data-settings=\"{&quot;_animation&quot;:&quot;zoomInDown&quot;}\" data-widget_type=\"heading.default\">\n\t\t\t\t\t<h2 class=\"elementor-heading-title elementor-size-default\">ANNA SCHMIDOV\u00c1<\/h2>\t\t\t\t<\/div>\n\t\t\t\t<div class=\"elementor-element elementor-element-bb3ab54 elementor-invisible elementor-widget elementor-widget-heading\" data-id=\"bb3ab54\" data-element_type=\"widget\" data-e-type=\"widget\" data-settings=\"{&quot;_animation&quot;:&quot;zoomInUp&quot;}\" data-widget_type=\"heading.default\">\n\t\t\t\t\t<h3 class=\"elementor-heading-title elementor-size-default\">novodob\u00e1 kou\u010dka<\/h3>\t\t\t\t<\/div>\n\t\t\t\t<\/div>\n\t\t<div class=\"elementor-element elementor-element-3a7ed165 e-flex e-con-boxed e-con e-parent\" data-id=\"3a7ed165\" data-element_type=\"container\" data-e-type=\"container\">\n\t\t\t\t\t<div class=\"e-con-inner\">\n\t\t<div class=\"elementor-element elementor-element-ad8deda e-con-full e-flex elementor-invisible e-con e-child\" data-id=\"ad8deda\" data-element_type=\"container\" data-e-type=\"container\" data-settings=\"{&quot;background_background&quot;:&quot;classic&quot;,&quot;animation&quot;:&quot;fadeInRight&quot;}\">\n\t\t\t\t<\/div>\n\t\t<div class=\"elementor-element elementor-element-7459626 e-con-full e-flex elementor-invisible e-con e-child\" data-id=\"7459626\" data-element_type=\"container\" data-e-type=\"container\" data-settings=\"{&quot;background_background&quot;:&quot;classic&quot;,&quot;animation&quot;:&quot;fadeInLeft&quot;}\">\n\t\t\t\t<div class=\"elementor-element elementor-element-21cbc0bb elementor-widget elementor-widget-text-editor\" data-id=\"21cbc0bb\" data-element_type=\"widget\" data-e-type=\"widget\" data-widget_type=\"text-editor.default\">\n\t\t\t\t\t\t\t\t\t<p>Jsem \u017eena, kter\u00e1 \u017eije neoby\u010dejn\u011b oby\u010dejn\u00fd \u017eivot.<\/p><p>V\u00edm, jak\u00e9 to je hledat se. Ztratit se. Padnout \u2013 a zase vst\u00e1t.<\/p><p>Rostu mezi dv\u011bma sv\u011bty \u2013 hlubokou citlivost\u00ed a siln\u00fdm smyslem pro realitu. V\u00edm, jak funguj\u00ed \u010d\u00edsla i vztahy. Rozum\u00edm syst\u00e9mu i lidsk\u00e9 du\u0161i. Jsem Projektorka se zdrojovou energi\u00ed Strat\u00e9ga \u2013 energick\u00e1 i jemn\u00e1. V\u00edm, kdy je \u010das konat \u2013 a kdy jen b\u00fdt. Milovala jsem na \u00fakor sebe a l\u00e1sku i odpov\u011bdi dlouho hledala venku.<\/p><p>Zn\u00e1m chv\u00edle, kdy se p\u0159ep\u00edn\u00e1\u0161, jde\u0161 a\u017e na d\u0159e\u0148, d\u011bl\u00e1\u0161 v\u0161echno spr\u00e1vn\u011b \u2013 a stejn\u011b je to m\u00e1lo. Za\u017eila jsem vyho\u0159en\u00ed, z\u00e1vislosti, soudy i vztahy, kde jsem se ztr\u00e1cela sama sob\u011b. V\u00edm, jak\u00e9 to je b\u00fdt hodn\u00e1\u2026 a\u017e moc. A jak\u00e9 to je b\u00fdt tvrd\u00e1\u2026 a\u017e to bol\u00ed. A pr\u00e1v\u011b proto dnes v\u00edm, \u017ee \u017eivotn\u00ed balanc nen\u00ed kli\u0161\u00e9 \u2013 ale nutnost.<\/p><p>Velmi dob\u0159e v\u00edm, \u017ee bolest proch\u00e1z\u00ed t\u011blem. Dlouho jsem se sna\u017eila j\u00edt p\u0159es bolest, tla\u010dit na v\u00fdkon a b\u00fdt \u201ev pohod\u011b\u201c. Ale teprve kdy\u017e jsem zpomalila a dovolila si c\u00edtit, p\u0159i\u0161la zm\u011bna. Dnes u\u017e v\u00edm, \u017ee pr\u00e1v\u011b v tichu a \u010dasto i nud\u011b se d\u011bj\u00ed ty nejv\u011bt\u0161\u00ed posuny. A v tom tichu dr\u017e\u00edm prostor \u2013 i pro ostatn\u00ed.<\/p><p>Sport je pro m\u011b sou\u010d\u00e1st\u00ed \u017eivota,\u00a0<span style=\"font-size: 16.8px;\">forma oddechu, uzemn\u011bn\u00ed\u00a0<\/span><span style=\"font-size: 16.8px;\">i pod\u011bkov\u00e1n\u00ed t\u011blu, \u017ee se mnou v\u0161echno zvl\u00e1d\u00e1.<\/span><\/p><p>Jsem femme fatale, \u0159\u00edk\u00e1 se \u2013 m\u00e1m \u017eensk\u00e9 k\u0159ivky i \u017eenskou s\u00edlu. Nakupuju v sek\u00e1\u010d\u00edch, ale s citem pro styl. J\u00edm zdrav\u011b, ale neodm\u00edtnu hranolky. Miluju p\u0159\u00edrodu i m\u011bsto. P\u0159\u00edrodn\u00ed kosmetiku i ob\u010dasnou chemii. Konzumn\u00ed radosti i hlubokou spiritualitu. V\u011b\u0159\u00edm v energii, ale nezapom\u00edn\u00e1m na zem pod nohama. Miluju ten balanc. A hled\u00e1m ho denn\u011b.<\/p><p>Dnes spojuji v\u0161echny sv\u00e9 zku\u0161enosti, p\u00e1dy i n\u00e1vraty do slu\u017eby, kter\u00e1 nen\u00ed \u0161katulkovateln\u00e1. Jsem tu jako kamar\u00e1dka, tv\u016fj pr\u016fvodce, par\u0165\u00e1k na hodinu, nebo na del\u0161\u00ed cestu. Ne proto, abych t\u011b zachra\u0148ovala \u2013 ale abys v\u011bd\u011bl(a), \u017ee na to nejsi s\u00e1m. Neleknu se Tvoj\u00ed pravdy.<\/p><p>Nejsem terapeut a nenahrazuji odbornou psychologickou pomoc. Nejsem asistentka, kter\u00e1 za tebe vy\u0159e\u0161\u00ed tv\u016fj \u017eivot.<\/p><p>Jsem \u010dlov\u011bk vedle tebe \u2013 s nadhledem, zku\u0161enost\u00ed, energi\u00ed a up\u0159\u00edmnost\u00ed.<\/p>\t\t\t\t\t\t\t\t<\/div>\n\t\t\t\t<\/div>\n\t\t\t\t\t<\/div>\n\t\t\t\t<\/div>\n\t\t\t\t<\/div>\n\t\t","protected":false},"excerpt":{"rendered":"<p>ANNA SCHMIDOV\u00c1 novodob\u00e1 kou\u010dka Jsem \u017eena, kter\u00e1 \u017eije neoby\u010dejn\u011b oby\u010dejn\u00fd \u017eivot. V\u00edm, jak\u00e9 to je hledat se. Ztratit se. Padnout \u2013 a zase vst\u00e1t. Rostu mezi dv\u011bma sv\u011bty \u2013 hlubokou citlivost\u00ed a siln\u00fdm smyslem pro realitu. V\u00edm, jak funguj\u00ed \u010d\u00edsla i vztahy. Rozum\u00edm syst\u00e9mu i lidsk\u00e9 du\u0161i. Jsem Projektorka se zdrojovou energi\u00ed Strat\u00e9ga \u2013 energick\u00e1 [&hellip;]<\/p>\n","protected":false},"author":2,"featured_media":0,"parent":0,"menu_order":0,"comment_status":"closed","ping_status":"closed","template":"elementor_theme","meta":{"footnotes":""},"class_list":["post-517","page","type-page","status-publish","hentry"],"jetpack_sharing_enabled":true,"_links":{"self":[{"href":"https:\/\/hodinovakamaradka.cz\/index.php\/wp-json\/wp\/v2\/pages\/517","targetHints":{"allow":["GET"]}}],"collection":[{"href":"https:\/\/hodinovakamaradka.cz\/index.php\/wp-json\/wp\/v2\/pages"}],"about":[{"href":"https:\/\/hodinovakamaradka.cz\/index.php\/wp-json\/wp\/v2\/types\/page"}],"author":[{"embeddable":true,"href":"https:\/\/hodinovakamaradka.cz\/index.php\/wp-json\/wp\/v2\/users\/2"}],"replies":[{"embeddable":true,"href":"https:\/\/hodinovakamaradka.cz\/index.php\/wp-json\/wp\/v2\/comments?post=517"}],"version-history":[{"count":52,"href":"https:\/\/hodinovakamaradka.cz\/index.php\/wp-json\/wp\/v2\/pages\/517\/revisions"}],"predecessor-version":[{"id":969,"href":"https:\/\/hodinovakamaradka.cz\/index.php\/wp-json\/wp\/v2\/pages\/517\/revisions\/969"}],"wp:attachment":[{"href":"https:\/\/hodinovakamaradka.cz\/index.php\/wp-json\/wp\/v2\/media?parent=517"}],"curies":[{"name":"wp","href":"https:\/\/api.w.org\/{rel}","templated":true}]}}