{"id":154,"date":"2025-11-06T13:03:10","date_gmt":"2025-11-06T13:03:10","guid":{"rendered":"https:\/\/hodinovakamaradka.cz\/?page_id=154"},"modified":"2025-12-08T17:55:34","modified_gmt":"2025-12-08T17:55:34","slug":"sluzby","status":"publish","type":"page","link":"https:\/\/hodinovakamaradka.cz\/index.php\/sluzby\/","title":{"rendered":"Slu\u017eby"},"content":{"rendered":"\t\t<div data-elementor-type=\"wp-page\" data-elementor-id=\"154\" class=\"elementor elementor-154\">\n\t\t\t\t<div class=\"elementor-element elementor-element-92a9cd1 e-con-full e-flex e-con e-parent\" data-id=\"92a9cd1\" data-element_type=\"container\" data-e-type=\"container\" data-settings=\"{&quot;background_background&quot;:&quot;classic&quot;}\">\n\t\t\t\t<div class=\"elementor-element elementor-element-1fc42b2 elementor-widget elementor-widget-heading\" data-id=\"1fc42b2\" data-element_type=\"widget\" data-e-type=\"widget\" data-widget_type=\"heading.default\">\n\t\t\t\t\t<h2 class=\"elementor-heading-title elementor-size-default\">S \u010c\u00cdM TI MOHU POMOCI<\/h2>\t\t\t\t<\/div>\n\t\t\t\t<\/div>\n\t\t<div class=\"elementor-element elementor-element-6560bb5 e-flex e-con-boxed e-con e-parent\" data-id=\"6560bb5\" data-element_type=\"container\" data-e-type=\"container\">\n\t\t\t\t\t<div class=\"e-con-inner\">\n\t\t\t\t<div class=\"elementor-element elementor-element-c4bd3fe elementor-widget elementor-widget-text-editor\" data-id=\"c4bd3fe\" data-element_type=\"widget\" data-e-type=\"widget\" data-widget_type=\"text-editor.default\">\n\t\t\t\t\t\t\t\t\t<p style=\"text-align: center;font-family:caudex\">N\u011bkdy pot\u0159ebujeme mluvit nahlas. Zastavit se. Dostat nadhled. Za\u010d\u00edt v\u011bci d\u011blat jinak \u2013 nebo se znovu za\u010d\u00edt c\u00edtit. Jsem kamar\u00e1dka na telefonu, p\u0159i kafi, v pohybu nebo v tichu. Pom\u016f\u017eu ti rozh\u00fdbat t\u011blo i my\u0161lenky, uklidit chaos nebo se prost\u011b zastavit. A pokud zjist\u00edme, \u017ee ti pouze kamar\u00e1dka nesta\u010d\u00ed, m\u00e1m kolem sebe spoustu skv\u011bl\u00fdch lid\u00ed, kte\u0159\u00ed ti m\u016f\u017eou pomoct d\u00e1l.<\/p>\t\t\t\t\t\t\t\t<\/div>\n\t\t\t\t\t<\/div>\n\t\t\t\t<\/div>\n\t\t<div class=\"elementor-element elementor-element-ab7c0db e-con-full e-flex e-con e-parent\" data-id=\"ab7c0db\" data-element_type=\"container\" data-e-type=\"container\">\n\t\t<div class=\"elementor-element elementor-element-d4d12e4 e-con-full e-flex elementor-invisible e-con e-child\" data-id=\"d4d12e4\" data-element_type=\"container\" data-e-type=\"container\" data-settings=\"{&quot;animation&quot;:&quot;fadeInLeft&quot;}\">\n\t\t\t\t<div class=\"elementor-element elementor-element-5e9bad3 elementor-widget elementor-widget-text-editor\" data-id=\"5e9bad3\" data-element_type=\"widget\" data-e-type=\"widget\" data-widget_type=\"text-editor.default\">\n\t\t\t\t\t\t\t\t\t<h1 style=\"text-align: center;\">M\u016f\u017ee\u0161 se na m\u011b obr\u00e1tit, kdy\u017e:<\/h1><ul class=\"font_5 wixui-rich-text__text\"><li class=\"wixui-rich-text__text\"><h5 class=\"font_5 wixui-rich-text__text\" style=\"text-align: left;\"><span class=\"wixui-rich-text__text\">Pot\u0159ebuje\u0161 mluvit nahlas a sly\u0161et se<\/span><\/h5><\/li><li class=\"wixui-rich-text__text\" style=\"text-align: left;\"><h5 class=\"font_5 wixui-rich-text__text\"><span class=\"wixui-rich-text__text\">Hled\u00e1\u0161 nadhled nebo jin\u00fd \u00fahel pohledu<\/span><\/h5><\/li><li class=\"wixui-rich-text__text\" style=\"text-align: left;\"><h5 class=\"font_5 wixui-rich-text__text\"><span class=\"wixui-rich-text__text\">C\u00edt\u00ed\u0161, \u017ee pot\u0159ebuje\u0161 ud\u011blat zm\u011bnu \u2013 ale nev\u00ed\u0161, kde za\u010d\u00edt<\/span><\/h5><\/li><li class=\"wixui-rich-text__text\" style=\"text-align: left;\"><h5 class=\"font_5 wixui-rich-text__text\"><span class=\"wixui-rich-text__text\">Ztr\u00e1c\u00ed\u0161 se v priorit\u00e1ch nebo c\u00edt\u00ed\u0161 zahlcen\u00ed<\/span><\/h5><\/li><li class=\"wixui-rich-text__text\" style=\"text-align: left;\"><h5 class=\"font_5 wixui-rich-text__text\"><span class=\"wixui-rich-text__text\">C\u00edt\u00ed\u0161 se na v\u0161echno osam\u011ble, p\u0159et\u00ed\u017een\u011b nebo pr\u00e1zdn\u011b<\/span><\/h5><\/li><li class=\"wixui-rich-text__text\"><h5 class=\"font_5 wixui-rich-text__text\" style=\"text-align: left;\"><span class=\"wixui-rich-text__text\">Chce\u0161 b\u00fdt v\u00edc v souladu se svou podstatou<\/span><\/h5><\/li><\/ul>\t\t\t\t\t\t\t\t<\/div>\n\t\t\t\t<\/div>\n\t\t<div class=\"elementor-element elementor-element-96efd9d e-con-full e-flex e-con e-child\" data-id=\"96efd9d\" data-element_type=\"container\" data-e-type=\"container\">\n\t\t\t\t<div class=\"elementor-element elementor-element-118f400 elementor-widget elementor-widget-image\" data-id=\"118f400\" data-element_type=\"widget\" data-e-type=\"widget\" data-widget_type=\"image.default\">\n\t\t\t\t\t\t\t\t\t\t\t\t\t\t\t<img fetchpriority=\"high\" decoding=\"async\" width=\"855\" height=\"804\" src=\"https:\/\/hodinovakamaradka.cz\/wp-content\/uploads\/2025\/11\/7bfea1_f32af07d3f064c6da444687d5d0722fbmv2.avif\" class=\"attachment-large size-large wp-image-178\" alt=\"\" srcset=\"https:\/\/hodinovakamaradka.cz\/wp-content\/uploads\/2025\/11\/7bfea1_f32af07d3f064c6da444687d5d0722fbmv2.avif 855w, https:\/\/hodinovakamaradka.cz\/wp-content\/uploads\/2025\/11\/7bfea1_f32af07d3f064c6da444687d5d0722fbmv2-300x282.avif 300w, https:\/\/hodinovakamaradka.cz\/wp-content\/uploads\/2025\/11\/7bfea1_f32af07d3f064c6da444687d5d0722fbmv2-768x722.avif 768w\" sizes=\"(max-width: 855px) 100vw, 855px\" \/>\t\t\t\t\t\t\t\t\t\t\t\t\t\t\t<\/div>\n\t\t\t\t<\/div>\n\t\t\t\t<\/div>\n\t\t<div class=\"elementor-element elementor-element-17a1232 e-con-full e-flex e-con e-parent\" data-id=\"17a1232\" data-element_type=\"container\" data-e-type=\"container\">\n\t\t<div class=\"elementor-element elementor-element-19124b8 e-con-full e-flex e-con e-child\" data-id=\"19124b8\" data-element_type=\"container\" data-e-type=\"container\">\n\t\t\t\t<div class=\"elementor-element elementor-element-20c7046 elementor-widget elementor-widget-image\" data-id=\"20c7046\" data-element_type=\"widget\" data-e-type=\"widget\" data-widget_type=\"image.default\">\n\t\t\t\t\t\t\t\t\t\t\t\t\t\t\t<img decoding=\"async\" width=\"856\" height=\"786\" src=\"https:\/\/hodinovakamaradka.cz\/wp-content\/uploads\/2025\/11\/7bfea1_a44c5bcb82e34e65a017ad77469f0cd2mv2.avif\" class=\"attachment-large size-large wp-image-182\" alt=\"\" srcset=\"https:\/\/hodinovakamaradka.cz\/wp-content\/uploads\/2025\/11\/7bfea1_a44c5bcb82e34e65a017ad77469f0cd2mv2.avif 856w, https:\/\/hodinovakamaradka.cz\/wp-content\/uploads\/2025\/11\/7bfea1_a44c5bcb82e34e65a017ad77469f0cd2mv2-300x275.avif 300w, https:\/\/hodinovakamaradka.cz\/wp-content\/uploads\/2025\/11\/7bfea1_a44c5bcb82e34e65a017ad77469f0cd2mv2-768x705.avif 768w\" sizes=\"(max-width: 856px) 100vw, 856px\" \/>\t\t\t\t\t\t\t\t\t\t\t\t\t\t\t<\/div>\n\t\t\t\t<\/div>\n\t\t<div class=\"elementor-element elementor-element-d6300be e-con-full e-flex elementor-invisible e-con e-child\" data-id=\"d6300be\" data-element_type=\"container\" data-e-type=\"container\" data-settings=\"{&quot;animation&quot;:&quot;fadeInRight&quot;}\">\n\t\t\t\t<div class=\"elementor-element elementor-element-0cc2559 elementor-widget elementor-widget-text-editor\" data-id=\"0cc2559\" data-element_type=\"widget\" data-e-type=\"widget\" data-widget_type=\"text-editor.default\">\n\t\t\t\t\t\t\t\t\t<ul class=\"font_5 color_42 wixui-rich-text__text\"><li class=\"wixui-rich-text__text\"><h5 class=\"font_5 wixui-rich-text__text\"><span class=\"color_42 wixui-rich-text__text\">Nev\u00ed\u0161, co nen\u00ed v po\u0159\u00e1dku \u2013 ale v\u00ed\u0161, \u017ee takhle u\u017e ne<\/span><\/h5><\/li><li class=\"wixui-rich-text__text\"><h5 class=\"font_5 wixui-rich-text__text\"><span class=\"color_42 wixui-rich-text__text\">Chce\u0161 se v\u00edc h\u00fdbat, za\u010d\u00edt n\u011bco d\u011blat, rozh\u00fdbat sebe i domov<\/span><\/h5><\/li><li class=\"wixui-rich-text__text\"><h5 class=\"font_5 wixui-rich-text__text\"><span class=\"color_42 wixui-rich-text__text\">Tou\u017e\u00ed\u0161 po bl\u00edzkosti, vztahu nebo rodin\u011b \u2013 a chce\u0161 se na to p\u0159ipravit<\/span><\/h5><\/li><li class=\"wixui-rich-text__text\"><h5 class=\"font_5 wixui-rich-text__text\"><span class=\"color_42 wixui-rich-text__text\">Jsi v p\u0159echodov\u00e9 f\u00e1zi \u2013 rozchod, restart, nov\u00fd za\u010d\u00e1tek<\/span><\/h5><\/li><li class=\"wixui-rich-text__text\"><h5 class=\"font_5 wixui-rich-text__text\"><span class=\"color_42 wixui-rich-text__text\">Nechce\u0161 terapii \u2013 ale pot\u0159ebuje\u0161 up\u0159\u00edmnou, lidskou oporu<\/span><\/h5><\/li><li class=\"wixui-rich-text__text\"><h5 class=\"font_5 wixui-rich-text__text\"><span class=\"color_42 wixui-rich-text__text\">Chce\u0161 zab\u00edt nudu<\/span><\/h5><\/li><\/ul>\t\t\t\t\t\t\t\t<\/div>\n\t\t\t\t<\/div>\n\t\t\t\t<\/div>\n\t\t<div class=\"elementor-element elementor-element-6e08f34 e-con-full e-flex e-con e-parent\" data-id=\"6e08f34\" data-element_type=\"container\" data-e-type=\"container\">\n\t\t<div class=\"elementor-element elementor-element-eb8a28a e-con-full e-flex elementor-invisible e-con e-child\" data-id=\"eb8a28a\" data-element_type=\"container\" data-e-type=\"container\" data-settings=\"{&quot;animation&quot;:&quot;fadeInLeft&quot;}\">\n\t\t\t\t<div class=\"elementor-element elementor-element-f6ead0e elementor-widget elementor-widget-text-editor\" data-id=\"f6ead0e\" data-element_type=\"widget\" data-e-type=\"widget\" data-widget_type=\"text-editor.default\">\n\t\t\t\t\t\t\t\t\t<h1 style=\"text-align: center;\">M\u016f\u017eeme spolu:<\/h1><ul class=\"font_5 wixui-rich-text__text\"><li class=\"wixui-rich-text__text\"><h5 class=\"font_5 wixui-rich-text__text\"><span class=\"wixui-rich-text__text\">J\u00edt na proch\u00e1zku, zacvi\u010dit si nebo si d\u00e1t kafe<\/span><\/h5><\/li><li class=\"wixui-rich-text__text\"><h5 class=\"font_5 wixui-rich-text__text\"><span class=\"wixui-rich-text__text\">Mluvit, ml\u010det, p\u0159em\u00fd\u0161let, pl\u00e1novat<\/span><\/h5><\/li><li class=\"wixui-rich-text__text\"><h5 class=\"font_5 wixui-rich-text__text\"><span class=\"wixui-rich-text__text\">Ud\u011blat spole\u010dn\u00fd \u00faklid, harmonizaci prostoru nebo va\u0159en\u00ed<\/span><\/h5><\/li><li class=\"wixui-rich-text__text\"><h5 class=\"font_5 wixui-rich-text__text\"><span class=\"wixui-rich-text__text\">Vyrazit na n\u00e1kupy \u2013 oble\u010den\u00ed, dom\u00e1cnost, d\u00e1rky<\/span><\/h5><\/li><li class=\"wixui-rich-text__text\"><h5 class=\"font_5 wixui-rich-text__text\"><span class=\"wixui-rich-text__text\">Pomalu a prakticky rozh\u00fdbat v\u011bci, kter\u00e9 stoj\u00ed \u2013 v sob\u011b i okolo<\/span><\/h5><\/li><li class=\"wixui-rich-text__text\"><h5 class=\"font_5 wixui-rich-text__text\"><span class=\"wixui-rich-text__text\">Nastavit z\u00e1kladn\u00ed kroky, priority, pl\u00e1n, \u0159\u00e1d \u2013 selsk\u00fdm rozumem a citem<\/span><\/h5><\/li><li class=\"wixui-rich-text__text\"><h5 class=\"font_5 wixui-rich-text__text\"><span class=\"wixui-rich-text__text\">B\u00fdt spolu \u2013 bez tlaku, bez masek, bez o\u010dek\u00e1v\u00e1n\u00ed<\/span><\/h5><\/li><\/ul>\t\t\t\t\t\t\t\t<\/div>\n\t\t\t\t<\/div>\n\t\t<div class=\"elementor-element elementor-element-1f4d880 e-con-full e-flex e-con e-child\" data-id=\"1f4d880\" data-element_type=\"container\" data-e-type=\"container\">\n\t\t\t\t<div class=\"elementor-element elementor-element-324167b elementor-widget elementor-widget-image\" data-id=\"324167b\" data-element_type=\"widget\" data-e-type=\"widget\" data-widget_type=\"image.default\">\n\t\t\t\t\t\t\t\t\t\t\t\t\t\t\t<img decoding=\"async\" width=\"855\" height=\"841\" src=\"https:\/\/hodinovakamaradka.cz\/wp-content\/uploads\/2025\/11\/7bfea1_ca6b9cf1af3e4054a9d1660a8b17a0f0mv2.avif\" class=\"attachment-large size-large wp-image-183\" alt=\"\" srcset=\"https:\/\/hodinovakamaradka.cz\/wp-content\/uploads\/2025\/11\/7bfea1_ca6b9cf1af3e4054a9d1660a8b17a0f0mv2.avif 855w, https:\/\/hodinovakamaradka.cz\/wp-content\/uploads\/2025\/11\/7bfea1_ca6b9cf1af3e4054a9d1660a8b17a0f0mv2-300x295.avif 300w, https:\/\/hodinovakamaradka.cz\/wp-content\/uploads\/2025\/11\/7bfea1_ca6b9cf1af3e4054a9d1660a8b17a0f0mv2-768x755.avif 768w\" sizes=\"(max-width: 855px) 100vw, 855px\" \/>\t\t\t\t\t\t\t\t\t\t\t\t\t\t\t<\/div>\n\t\t\t\t<\/div>\n\t\t\t\t<\/div>\n\t\t<div class=\"elementor-element elementor-element-224684e e-con-full e-flex e-con e-parent\" data-id=\"224684e\" data-element_type=\"container\" data-e-type=\"container\">\n\t\t<div class=\"elementor-element elementor-element-32e726a e-con-full e-flex e-con e-child\" data-id=\"32e726a\" data-element_type=\"container\" data-e-type=\"container\">\n\t\t\t\t<div class=\"elementor-element elementor-element-a5b4dd6 elementor-widget elementor-widget-image\" data-id=\"a5b4dd6\" data-element_type=\"widget\" data-e-type=\"widget\" data-widget_type=\"image.default\">\n\t\t\t\t\t\t\t\t\t\t\t\t\t\t\t<img loading=\"lazy\" decoding=\"async\" width=\"1024\" height=\"683\" src=\"https:\/\/hodinovakamaradka.cz\/wp-content\/uploads\/2025\/11\/sedim_v_trave_v_parku-1024x683.jpg\" class=\"attachment-large size-large wp-image-703\" alt=\"\" srcset=\"https:\/\/hodinovakamaradka.cz\/wp-content\/uploads\/2025\/11\/sedim_v_trave_v_parku-1024x683.jpg 1024w, https:\/\/hodinovakamaradka.cz\/wp-content\/uploads\/2025\/11\/sedim_v_trave_v_parku-300x200.jpg 300w, https:\/\/hodinovakamaradka.cz\/wp-content\/uploads\/2025\/11\/sedim_v_trave_v_parku-768x512.jpg 768w, https:\/\/hodinovakamaradka.cz\/wp-content\/uploads\/2025\/11\/sedim_v_trave_v_parku-1536x1024.jpg 1536w, https:\/\/hodinovakamaradka.cz\/wp-content\/uploads\/2025\/11\/sedim_v_trave_v_parku.jpg 1600w\" sizes=\"(max-width: 1024px) 100vw, 1024px\" \/>\t\t\t\t\t\t\t\t\t\t\t\t\t\t\t<\/div>\n\t\t\t\t<\/div>\n\t\t<div class=\"elementor-element elementor-element-437f5fa e-con-full e-flex elementor-invisible e-con e-child\" data-id=\"437f5fa\" data-element_type=\"container\" data-e-type=\"container\" data-settings=\"{&quot;animation&quot;:&quot;fadeInRight&quot;}\">\n\t\t\t\t<div class=\"elementor-element elementor-element-642baf0 elementor-widget elementor-widget-text-editor\" data-id=\"642baf0\" data-element_type=\"widget\" data-e-type=\"widget\" data-widget_type=\"text-editor.default\">\n\t\t\t\t\t\t\t\t\t<div id=\"comp-mg29p3bm\" class=\"Z_l5lU ku3DBC zQ9jDz qvSjx3 Vq6kJx comp-mg29p3bm wixui-rich-text\" data-testid=\"richTextElement\" data-motion-enter=\"done\"><h1 class=\"font_0 wixui-rich-text__text\" style=\"text-align: center;\"><span class=\"wixui-rich-text__text\">Jak pracuju:<\/span><\/h1><\/div><div id=\"comp-mg29mbjw6\" class=\"Z_l5lU ku3DBC zQ9jDz qvSjx3 Vq6kJx comp-mg29mbjw6 wixui-rich-text\" data-testid=\"richTextElement\" data-motion-enter=\"done\"><ul class=\"font_5 wixui-rich-text__text\"><li class=\"wixui-rich-text__text\"><h5 class=\"font_5 wixui-rich-text__text\"><span class=\"wixui-rich-text__text\">Ne\u0159\u00edd\u00edm se obecn\u00fdmi pou\u010dkami ani pravidly, ale intuic\u00ed a selsk\u00fdm rozumem.<\/span><\/h5><\/li><li class=\"wixui-rich-text__text\"><h5 class=\"font_5 wixui-rich-text__text\"><span class=\"wixui-rich-text__text\">Vrac\u00edm se zp\u00e1tky k t\u011blu, k intuici, k tomu, co ti v danou chv\u00edli opravdu d\u00e1v\u00e1 smysl.<\/span><\/h5><\/li><li class=\"wixui-rich-text__text\"><h5 class=\"font_5 wixui-rich-text__text\"><span class=\"wixui-rich-text__text\">Obecnou radu ode m\u011b ne\u010dekej, ani to, \u017ee to vy\u0159e\u0161\u00edm za Tebe.<\/span><\/h5><\/li><\/ul><h5 class=\"font_5 wixui-rich-text__text\"><span class=\"wixui-rich-text__text\">\u200b<\/span><\/h5><h2 class=\"font_5 wixui-rich-text__text\" style=\"text-align: center;\"><span class=\"wixui-rich-text__text\">Ty v\u00ed\u0161 co chce\u0161, jen jsi se p\u0159estal\/a vn\u00edmat.<\/span><\/h2><\/div>\t\t\t\t\t\t\t\t<\/div>\n\t\t\t\t<\/div>\n\t\t\t\t<\/div>\n\t\t\t\t<\/div>\n\t\t","protected":false},"excerpt":{"rendered":"<p>S \u010c\u00cdM TI MOHU POMOCI N\u011bkdy pot\u0159ebujeme mluvit nahlas. Zastavit se. Dostat nadhled. Za\u010d\u00edt v\u011bci d\u011blat jinak \u2013 nebo se znovu za\u010d\u00edt c\u00edtit. Jsem kamar\u00e1dka na telefonu, p\u0159i kafi, v pohybu nebo v tichu. Pom\u016f\u017eu ti rozh\u00fdbat t\u011blo i my\u0161lenky, uklidit chaos nebo se prost\u011b zastavit. A pokud zjist\u00edme, \u017ee ti pouze kamar\u00e1dka nesta\u010d\u00ed, m\u00e1m [&hellip;]<\/p>\n","protected":false},"author":2,"featured_media":0,"parent":0,"menu_order":0,"comment_status":"closed","ping_status":"closed","template":"elementor_theme","meta":{"footnotes":""},"class_list":["post-154","page","type-page","status-publish","hentry"],"jetpack_sharing_enabled":true,"_links":{"self":[{"href":"https:\/\/hodinovakamaradka.cz\/index.php\/wp-json\/wp\/v2\/pages\/154","targetHints":{"allow":["GET"]}}],"collection":[{"href":"https:\/\/hodinovakamaradka.cz\/index.php\/wp-json\/wp\/v2\/pages"}],"about":[{"href":"https:\/\/hodinovakamaradka.cz\/index.php\/wp-json\/wp\/v2\/types\/page"}],"author":[{"embeddable":true,"href":"https:\/\/hodinovakamaradka.cz\/index.php\/wp-json\/wp\/v2\/users\/2"}],"replies":[{"embeddable":true,"href":"https:\/\/hodinovakamaradka.cz\/index.php\/wp-json\/wp\/v2\/comments?post=154"}],"version-history":[{"count":43,"href":"https:\/\/hodinovakamaradka.cz\/index.php\/wp-json\/wp\/v2\/pages\/154\/revisions"}],"predecessor-version":[{"id":953,"href":"https:\/\/hodinovakamaradka.cz\/index.php\/wp-json\/wp\/v2\/pages\/154\/revisions\/953"}],"wp:attachment":[{"href":"https:\/\/hodinovakamaradka.cz\/index.php\/wp-json\/wp\/v2\/media?parent=154"}],"curies":[{"name":"wp","href":"https:\/\/api.w.org\/{rel}","templated":true}]}}